21. Suppose 3*x - x + 36 = 0. What is the remainder when (-1295)/(-45) - 4/x is divided by l(-10)?
7
Suppose 0 = 3*i - 2*u - 300, -145 + 45 = -i + 5*u. Calculate the remainder when i is divided by 23.
8
Suppose 4*a - 12 = t, 5*t = -5*a + 32 + 8. Suppose -a*k = 5*p - 0*k - 55, 2*p - 22 = -3*k. Calculate the remainder when 32 is divided by p.
10
Suppose -5*d + 10*d = 2*z - 1, 2*d + 18 = 3*z. Let y = -3 + -14. Calculate the remainder when (y/2)/(z/(-32)) is divided by 12.
10
Let o(g) = -3*g - 25. Let w be o(-11). Let x(a) = a - 17. Let v be x(w). Let k(p) = -4*p - 25. What is the remainder when 31 is divided by k(v)?
9
Let j = 465 - 20. Calculate the remainder when j is divided by 8.
5
Suppose 6*v - 2435 = v. What is the remainder when v is divided by 14?
11
Suppose 13*z = 18*z - 20. Suppose -z*v = 3*j - 247, 0 = 2*v - 0*j + 2*j - 122. What is the remainder when v is divided by 17?
13
Suppose -6528 = 587*j - 593*j. What is the remainder when j is divided by 28?
24
Let x be 8/(-4) - (-228 - -1). Suppose -x = -6*u + 3. What is the remainder when u is divided by 10?
8
Let q be (-24)/18*(-9)/6. Suppose -6*g + 112 = -q*g. Calculate the remainder when g is divided by 10.
8
Let d be 8/4 + 6/3. Suppose 4*y = -3*t + 2*y + 23, d = 4*y. Let h = 30 + -11. Calculate the remainder when h is divided by t.
5
Let a = -17 - -7. Let r = a + 12. Suppose -r*f + 0 = -8. What is the remainder when 12 is divided by f?
0
Suppose 4*t + q + 25 = 5*t, 5*q + 5 = 0. What is the remainder when 286 is divided by t?
22
Let t = -43 + 72. What is the remainder when t is divided by (-14 + -1)*((350/(-30) - -11) + 0)?
9
Let w(o) = -5*o - 44. Let k = -58 - -48. Suppose -2*c - 9 = -3*c. What is the remainder when c is divided by w(k)?
3
Suppose -3*x - m - 4*m + 27 = 0, -2 = -x - 4*m. Let o = -153 + 193. Calculate the remainder when o is divided by x.
12
Suppose 48 = -5*w + 58. Suppose w*h - 32 = -6*h. Calculate the remainder when 12 is divided by h.
0
Let m = -32 + 49. Let t = m + -9. What is the remainder when (-2)/(-6) - 164/(-12) is divided by t?
6
Suppose 0*t = -5*t - 80. Let q(y) = 2*y**2 + 4*y + 1. What is the remainder when q(4) is divided by (-2)/((t/34)/4)?
15
Let g(b) = -42*b - 190. Let d(l) = 8*l**2 + l**3 - 4*l - l + 15*l + 9. Calculate the remainder when g(-6) is divided by d(-6).
20
Let z = -2 - -29. Let u = 18 + z. Suppose 30 = 2*j - 2*c, -12*c + 17*c + 51 = 2*j. What is the remainder when u is divided by j?
5
Let b(m) = m**3 - m**2 - 4*m - 3. Let v(d) = -21*d - 47. What is the remainder when b(5) is divided by v(-3)?
13
Let v(c) = -c**3 - c**2 - c + 15. Let t be v(0). Let q be 3*(10/t + 0). What is the remainder when 56 is divided by (28/21)/(q/30)?
16
Let p(g) = -3*g - g**3 + 2 + 2*g**3 - 7*g + 9*g**2. Let u be p(-10). What is the remainder when 8 is divided by (2 - 0) + -1 + u?
2
Let l(f) = f + 1. Let s be l(5). Calculate the remainder when (8 - s)/((-2)/(-67)) is divided by 17.
16
Suppose -10*o + 4 = -6*o. Calculate the remainder when 37 is divided by (17 + (-2 - 2))*o.
11
Let a = 48 - 35. Suppose 5*x = 2*s - 107, 2*s - 56 = -4*x + 42. What is the remainder when s is divided by a?
12
Let k(z) = -2*z - 9. Let d be k(-6). Suppose -4*s - 31 = -d*l - 3*s, -2*l + s = -21. Calculate the remainder when l is divided by 4.
2
Suppose -3*c + 30 = -5*d, -3*c - c - 3*d = -40. Let j(a) = -6*a**2 + a + 1. Let x be j(2). Let n = x - -50. What is the remainder when n is divided by c?
9
Suppose -2*u + 10 = 0, 3*a + 29 = 6*a + 4*u. Suppose -4*b + 1 = 3*n, 3 = 2*b + 4*n - 3*n. What is the remainder when b is divided by a?
1
Suppose 2724 = 35*l - 1896. Calculate the remainder when l is divided by 67.
65
Let g = 165 - 131. Suppose g = r - 35. Suppose 11 - 101 = -5*k. Calculate the remainder when r is divided by k.
15
Suppose 146 = 4*b + 2*p, 0 = -5*b + 4*p + 54 + 161. Suppose 3*l - 4 = -2*d + 41, -4*l = -d + b. What is the remainder when 52 is divided by d?
25
Let q = -110 - -167. Let b(a) = 29*a**2. Let o be b(-1). Suppose 19 + o = 4*y. What is the remainder when q is divided by y?
9
Suppose j - 511 = -v + 67, -15 = -5*j. What is the remainder when v is divided by 17?
14
Suppose -8*q + 15*q = 308. What is the remainder when q is divided by 15?
14
Let s(o) = 23*o**3 + 1. Let n be (-11 - 1) + 8/(-4). Calculate the remainder when s(1) is divided by n/(-84) + (-154)/(-12).
11
Let g(f) = f + 1. Let q be g(-1). Suppose -3*d - 12*d + 105 = q. Calculate the remainder when 39 is divided by d.
4
Suppose -3*o = 2*v - 113, 0 = 2*v + v - 3. What is the remainder when 139 is divided by o?
28
Let q(d) = d**2 - 5*d. Let m be q(5). Suppose m = k + k - 10. Suppose 90 + 75 = k*y. What is the remainder when y is divided by 12?
9
Let u = 27 - 57. Calculate the remainder when 26 is divided by u/4*3*(-4)/6.
11
Let g be 95/1 - -3 - -2. Suppose v - 20 = 4*i, -2*i = -5*v - 3*i + g. Calculate the remainder when 37 is divided by v.
17
Let f(d) = d**3 + 3*d**2 - 4*d - 4. Let s(z) = -z**2. Let j(c) = -f(c) - 3*s(c). Calculate the remainder when j(-4) is divided by 15.
7
Let g(w) = 2*w**2 + 3*w - 1. Suppose 2*y = 6*y + 3*n - 85, 4*n + 121 = 7*y. Calculate the remainder when g(-6) is divided by y.
15
Let t = 4 + 0. Suppose 15 = t*p + p. Suppose 3*g = o - p, 0 = 4*o - 3*g - 2*g - 47. Calculate the remainder when 33 is divided by o.
15
Suppose -5*h + 1235 = 4*j, -5*h + 5*j + 1340 - 150 = 0. Calculate the remainder when h is divided by 41.
38
Let h = -6 + 18. Let g = 20 - h. What is the remainder when 38 is divided by g?
6
Suppose 0 = -6*y + 3*y + 375. Calculate the remainder when y is divided by (-14)/(-4)*(-5 - -11).
20
Suppose -66 = 4*h - 206. Suppose -3*n = -0*n - 309. What is the remainder when n is divided by h?
33
Suppose -5 = -5*i + 35. Let y(n) = -3*n**3 - 12*n**2 - 27*n - 29. What is the remainder when 97/2*i/4 is divided by y(-3)?
22
Calculate the remainder when (-2 - 36/(-21))/(12/(-3108)) is divided by 27.
20
Suppose 3*l = -3*g, 3*l = -3*g - 2*g - 6. Calculate the remainder when 32 is divided by (g - (-99)/6)/(6/8).
14
Let a = -1135 + 1235. Calculate the remainder when 228 is divided by a.
28
Suppose 9*z = -304 + 88. What is the remainder when (z/7)/((-32)/560) is divided by 21?
18
What is the remainder when (-141)/5*(-5)/1 is divided by 59?
23
Let j = -27 + 35. Suppose 24 = 2*a - a. Suppose a = -j*s + 11*s. Calculate the remainder when 15 is divided by s.
7
Let p = -97 - -149. What is the remainder when 107 is divided by p?
3
Suppose -25*g = -40*g + 405. What is the remainder when g is divided by 3?
0
Let c(k) = 2*k**3 + 95*k**2 + 41*k - 33. Calculate the remainder when c(-47) is divided by 63.
60
What is the remainder when (-4)/18*(-139 - 14) is divided by (81/18)/((-6)/(-16))?
10
Let x = 84 + -49. Suppose y = -0*y + x. Calculate the remainder when 102 is divided by y.
32
Let y = 2307 - 2306. Calculate the remainder when 123 is divided by y.
0
Suppose 0 = g - 20 + 7. Let w(h) = 2*h + 10. Calculate the remainder when g is divided by w(-3).
1
Let b(w) = -19*w + 45. Let z be b(-7). Suppose -2*r = 4*i - z, 21 = i - 2*r - 11. What is the remainder when 125 is divided by i?
41
Let b = 261 + -104. Suppose b*y - 154*y - 258 = 0. Calculate the remainder when y is divided by 45.
41
Suppose -15*y = -58*y + 258. Let t be (-1)/((-2)/(-6)*3). What is the remainder when y is divided by (t/(-2))/((-1)/(-8))?
2
Let f(s) = 21*s**3 - 5*s**2 - 3*s + 6. Let r be f(4). Suppose -7*m = 229 - r. What is the remainder when m is divided by 50?
47
Suppose 0 = 5*s - x - 195, -2*x - 46 = 4*s - 216. What is the remainder when s is divided by 25?
15
Let y(t) = 29*t**2 + 2*t + 1. Let u = 41 + 14. Suppose -2*q - 21 = -3*q - a, -5*q = -5*a - u. What is the remainder when y(-1) is divided by q?
12
Suppose 0 = m + 6*m - 140. Suppose -15*y + m*y - 385 = 0. Calculate the remainder when y is divided by 13.
12
Suppose 0 = -144*f + 139*f + 455. Suppose f = 5*r - 144. What is the remainder when r is divided by 17?
13
Let r = -1058 + 1392. What is the remainder when r is divided by 166?
2
What is the remainder when 121 is divided by ((-186)/(-8 - -2))/(2/4)?
59
Let r(k) = 2*k**3 + 14*k**2 + k + 19. What is the remainder when r(-7) is divided by 9?
3
Suppose -50*w = -52*w + 190. Let f = w - 62. What is the remainder when f is divided by 12?
9
Su